j(r). Calculate l(-1).
11
Let n(c) = 7*c**3 - 69*c**2 - 7*c + 206. Let u(m) = -m**3 + 10*m**2 + m - 29. Let q(z) = -4*n(z) - 27*u(z). What is q(5)?
-11
Let c(u) = 2*u**3 - u**2 - u - 1. Let q = -358 + 356. Let y(p) = 5*p**3 - 10*p**2 + 8*p - 8. Let v(i) = q*c(i) + y(i). Calculate v(7).
15
Let m(c) = -9*c + 27. Suppose -4*t = -2*i - 2, 5*t - 571 + 567 = 2*i. What is m(i)?
0
Let h(v) = -370*v + 2222. Let d be h(6). Let b(x) = x - 5. Give b(d).
-3
Let c(g) be the third derivative of g**6/120 - 2*g**5/15 - g**4/12 + g**3/2 - 1533*g**2. Give c(8).
-13
Let k be 19/(-2) + (-5)/(-10). Let j be -2 + (-4)/(-6)*(k + 6). Let c(p) = p**2 + 4*p. Give c(j).
0
Let t(r) = r**2 - 8*r - 29. Let z be -6 + (-17)/(-5) + -7*(-24)/(-420). What is t(z)?
4
Let b(y) be the second derivative of y**4/12 + y**3/6 - 3*y**2 + 147*y - 3. Determine b(-3).
0
Suppose z - 1 = 2*g - 64, -g = -5*z - 297. Let s = 59 + z. Let u(w) = -6*w - w**2 - 4 - w + 5*w + w. Calculate u(s).
-4
Let g(j) = j**2 - 5*j - 2. Suppose 0 = -6*q + 18 - 6. Suppose -25 = -q*v + 5. Suppose 4*l = 5*l + 3*y - v, -5*y = -5*l + 15. Calculate g(l).
4
Let y = 22 + 0. Suppose y*l + 39 = 9*l. Let i(a) be the second derivative of a**3/3 - 3*a**2/2 - 2*a. Determine i(l).
-9
Let y(n) = 2*n**2 - 14*n + 3. Let b be y(7). Suppose -x = -3*a + 21 + 5, b*a + 2*x - 11 = 0. Let i(u) = u**3 - 7*u**2 + 6. What is i(a)?
6
Let n be (-85)/119 - (1 + 4)*2/35. Let k(j) = -4*j**3. Calculate k(n).
4
Suppose 0 = -88*w + 83*w + 15. Suppose -5*j - d = 5, 3*j - 4*d + w = -0*j. Let l(s) = 9*s + 1. Determine l(j).
-8
Let l(x) be the first derivative of 14*x**3/3 + x + 8. Let p(i) = i**3 - 17*i**2 - 17*i - 19. Let u be p(18). Determine l(u).
15
Let l(f) = 10*f - 27*f + 6*f + 20*f. Suppose s - 2*s = 2*t + 6, 41 = 4*s - 5*t. Suppose 2*q = -5*x + 5, s*x + 2*q - 5 = 1. Determine l(x).
-9
Suppose 14*m - 11 = 3. Let v(o) = o**3 + o**2. Let c(k) = 6*k**3 - 2*k**2 + 6*k - 9. Let q(z) = m*c(z) - 5*v(z). Calculate q(6).
-9
Let d(w) = -2*w**2 + 7*w - 4. Let y(j) = 5*j**2 - 8*j + 7. Let k be y(1). Suppose -t = 3*c - 16, k*c + 4*t - 28 = c. What is d(c)?
-8
Let k(b) = 1799 + 2*b**2 + 2*b**3 + 2*b - 3*b**2 - 1796. Calculate k(-1).
-2
Let g(m) = -4*m - 7. Suppose -508*j = -514*j + 54. Let u be (-5 - 5)/(j + -11). Calculate g(u).
-27
Suppose -5*u + 6 + 14 = 0. Let o be (-166)/(-10) - (-6)/(-40)*u. Suppose -2*g + o = 2*g. Let n(m) = -m**3 + 5*m**2 - 3*m + 4. Give n(g).
8
Let s = 121 + -90. Suppose -41 = 5*w - s. Let k(p) = -3*p**2 - 3*p - 1. Determine k(w).
-7
Let j(m) be the second derivative of m**4/12 - 37*m**3/6 + 32*m**2 - 35*m + 8. Calculate j(35).
-6
Let j(d) = -26*d - 79. Let c be j(-3). Let z(m) = -m - 1. Let h(q) = -5*q + 5. Let y(a) = h(a) + 6*z(a). What is y(c)?
10
Suppose -79*w - 17*w = 163*w + 1036. Let n(x) = 18*x + 18. Give n(w).
-54
Let v(w) = 8*w**2 + 11*w + 6. Let t(n) = -20 + 0*n - 57*n**2 - 32*n + 34*n**2 + 2. Let z(o) = -6*t(o) - 17*v(o). What is z(-4)?
18
Let v(h) = 31*h**2 - 740*h - 91. Let y be v(24). Let q(m) = 2*m**3 - 10*m**2 + 3*m - 6. Calculate q(y).
9
Let a(b) = -b**3 - 11*b**2 - 11*b + 13. Let j(g) = -1517*g - 4561. Let z be j(-3). Calculate a(z).
23
Let h(j) = -2*j + 61. Let k be h(29). Let c be 1*(k - (2 - 13 - -5)). Let i(z) = z**3 - 9*z**2 + 2*z - 5. Give i(c).
13
Let t(n) = -19*n**2 - 81*n + 40. Let u(q) = 13*q**2 + 55*q - 27. Let f(i) = -11*t(i) - 16*u(i). Suppose -5*r - 9 = 26. Give f(r).
-36
Let t(b) be the first derivative of -b**4/4 - 4*b**3/3 + 11*b**2/2 + 4*b - 3437. Determine t(-6).
10
Suppose -3*d - 30 = -h - 9, -5*d = -2*h + 33. Let u(s) = -s**3 - 6*s**2 + 4*s - 7. Determine u(h).
-31
Let b(i) = -11*i + 49077*i**3 - 49081*i**3 - 5 - 36*i**2 + 10*i**2. What is b(-6)?
-11
Let j = 56 + -51. Suppose -o = -a + 10, -5*o + 3*a - j = 37. Let y be (-14)/o + (-6)/(-9) + -2. Let n(p) = -p**3 - p**2 + 2*p - 1. Determine n(y).
-1
Suppose -2*i + 56 = -3*j, -4*i = -75*j + 80*j - 24. Let w(n) = -2*n - 33. Let r(t) = 3*t + 65. Let x(v) = -3*r(v) - 5*w(v). Calculate x(i).
-14
Let l(t) be the third derivative of t**9/4320 + t**7/5040 + t**5/15 + t**4/8 - 44*t**2. Let i(o) be the third derivative of l(o). What is i(1)?
15
Let c(r) be the first derivative of -r**3/3 + 11*r**2/2 + 34*r - 7555. What is c(13)?
8
Let t be -1 + (20 + -2)/2. Suppose -f = t*f - 18. Let p(m) = m**f - 3 + 1 - 3*m + 0*m**2. Determine p(5).
8
Let j(t) be the second derivative of -1/6*t**3 + 1/12*t**4 + 6 - 3*t**2 - 2*t. Calculate j(-3).
6
Let n(s) be the second derivative of s**5/20 - s**4/2 + s**3/2 - 16*s**2 - 12*s + 221. What is n(6)?
-14
Let p(y) = -2*y**3 - 27*y**2 - 11*y + 26. Let n = 5410 + -5423. Determine p(n).
0
Let f(a) = 3*a**2 + 2*a - 1. Let m = -738 - -407. Let y = -333 - m. Calculate f(y).
7
Let d(u) = -52*u**3 - 14*u**2 - 445*u + 198. Let z(c) = -11*c**3 - 3*c**2 - 89*c + 42. Let s(o) = -4*d(o) + 19*z(o). Determine s(9).
-3
Let z(r) = 43*r + 383 - 199 - 168 + 3*r**2. Give z(-14).
2
Let c(n) = 32*n - 4*n + 4*n**2 + 46 - 14*n - 2*n**2 - n**2. Calculate c(-9).
1
Let j(m) be the second derivative of m**8/6720 - m**7/315 - m**6/720 - 29*m**4/12 - 30*m. Let r(u) be the third derivative of j(u). Determine r(8).
-8
Suppose -3*u - 3 = 3*l - 36, 3*u - 3*l - 9 = 0. Let q(b) = 0 - u + 3*b - 5*b + 6*b**2 - 5*b**2. What is q(3)?
-4
Let a(f) be the second derivative of f**3/2 + 3*f**2 - 221*f. Let d(i) = i - 10. Let b be 20/(-6)*(-6)/4. Let h be d(b). Calculate a(h).
-9
Let s(q) = -15*q - 2. Suppose -x - 5*n + 21 = -2*x, 0 = 5*n - 25. Let b(p) = 170*p + 20. Let y(t) = x*b(t) + 45*s(t). Determine y(2).
0
Let y(z) = -z**3 + 22*z**2 - 19*z - 30. Suppose 0 = -4*v - 26*s + 31*s + 114, -5*v - s = -99. Give y(v).
12
Let r(a) be the second derivative of -a**4/12 + 5*a**3/6 + 57*a**2/2 + 3*a - 739. What is r(-5)?
7
Suppose 3*d = 5*m - 2058, 0 = 3*d - 0*d + 3*m + 2034. Let a be (35/15)/(-7)*d. Let f(q) = -a - 6*q**2 + 5*q + 221 - 4*q + q**3. Give f(6).
0
Let m be (7*5)/1 - (-7 + 9). Let b = -31 + m. Let z(k) = -2 + 2*k**2 + 1 - k**2 - 5*k**2 + k**3 + 3*k. What is z(b)?
-3
Let u(q) = 34*q. Suppose 25 = 6*t + 133. Let l be (2/6)/((-3)/(t/2)). Calculate u(l).
34
Let x = 202 + -198. Suppose x*f - 13 + 45 = 0. Let j(q) = -q**3 - 8*q**2 + 2*q + 7. Give j(f).
-9
Let t(h) be the first derivative of 18 - 3*h + 3/2*h**2 + 1/3*h**3. Let n be -10*((-13)/5 + 3). Calculate t(n).
1
Let b = -14 + 12. Let l = -63 + b. Let w = l + 73. Let s(j) = -j + 2. Calculate s(w).
-6
Let r(t) be the first derivative of -4*t**2 + 32*t - 1991. What is r(-5)?
72
Let z be 22*(3720/(-16))/(-15). Let y = -344 + z. Let q(i) = -5*i + 3. Let s(m) = -5*m + 3. Let j(o) = -2*q(o) + 3*s(o). Give j(y).
18
Suppose -q - 7 = -8. Let r(x) = x + 3*x + x - q + 3*x. Suppose -4 + 9 = -c + 2*g, -4*c - 4*g = -16. Calculate r(c).
7
Let b(j) = -2*j**2 - 12*j + 11. Let f be b(-7). Let u be (-4 - -6)*(-9)/(-6). Let i(d) = 17*d**3 + 3*d**2 - 4 - 2*d + 10*d**3 - 26*d**u. Give i(f).
2
Let g(v) = 10*v**2 + 26*v + 144. Let k(m) = -7*m**2 - 15*m - 97. Let s(r) = -5*g(r) - 7*k(r). Give s(-8).
95
Suppose -2*q + r = -31, 57*r - 33 = -q + 61*r. Let c(n) = -7 - 1292*n - n**3 + q*n**2 + 1294*n + 0*n**3 - 6*n**2. Determine c(7).
7
Let j(w) = w + 12. Let t = 16345 - 16369. Calculate j(t).
-12
Let a(h) = -2*h**3 - 24*h**2 - 2*h - 11. Let q be a(-12). Let b(t) = t**3 - 12*t**2 - 11*t - 34. Let i be b(q). Let j(u) = -2*u - 9. What is j(i)?
7
Let i(c) be the first derivative of c**2/2 + 32*c - 13. Let v be i(-12). Let f = -24 + v. Let m(y) = -y**3 - 4*y**2 + 2*y + 2. Give m(f).
-6
Suppose -5*s = -5*j + 5, -2*s + j - 14 = 3*j. Let g(o) = -2*o**2 - 7*o - 3. Give g(s).
-7
Let r(i) = 2 + 2 - i - 1. Let t be (-18)/(9*7/(-42)). Suppose -t*f + 7 = -29. Calculate r(f).
0
Suppose 121*a - 3530 = -384. Let v(f) = 2*f**3 - 52*f**2 - 3*f + 25. Determine v(a).
-53
Let z(a) = 490*a + 104. Let l(c) = -195*c - 52. Let x(n) = -5*l(n) - 2*z(n). Calculate x(21).
-53
Let v(x) = 15*x + 9*x - 2*x**2 + 7*x + 11 + 11*x - 14*x. Give v(16).
-53
Let x(n) be the third derivative of n**4/8 - 10*n**3/3 + 35*n**2 - 3. Give x(-13).
-59
Let h(f) = f**3 - 29*f**2 - 28*f - 48. Let a(i) = 2*i**3 - 8*i**2 + 157*i - 805. Let u be a(5). Give h(u).
12
Let j(p) = -6*p + 394. Suppose 0 = -s - 3*i + 57, 2*s - 5*i - 264 + 117 = 0. Determine j(s).
-2
Let t(c) be the second derivative